0 a multiple of 24?
True
Does 3997 divide 277949191?
False
Is 5 a factor of 3004325?
True
Is 7 a factor of 17946217?
False
Is 2257 a factor of 212036122?
True
Does 2 divide 231952388?
True
Is 61206705 a multiple of 1673?
True
Does 11 divide 885243?
False
Is 290094808 a multiple of 35?
False
Is 2169 a factor of 14000895?
True
Is 5404 a factor of 1571055996?
False
Is 3170207847 a multiple of 3903?
True
Does 11 divide 80795341?
True
Is 305016865 a multiple of 942?
False
Is 42380550 a multiple of 66?
False
Does 7 divide 19877944?
False
Does 133 divide 65041731?
False
Is 11 a factor of 658070358?
True
Does 131 divide 3061515489?
False
Does 750 divide 21213000?
True
Is 4 a factor of 36635915?
False
Is 169 a factor of 24591078?
False
Is 47164352 a multiple of 736?
True
Does 93 divide 435422187?
True
Does 4 divide 17303038?
False
Is 40 a factor of 88693536?
False
Is 11616404 a multiple of 99?
False
Does 6 divide 14929068?
True
Is 75166164 a multiple of 54?
True
Does 70 divide 3557260?
True
Does 6 divide 46529024?
False
Is 40835636 a multiple of 2284?
True
Is 93210359 a multiple of 85?
False
Does 2 divide 19288475?
False
Does 1340 divide 30161911?
False
Is 438760134 a multiple of 14541?
True
Does 22 divide 106031750?
True
Does 1412 divide 14901953?
False
Is 72 a factor of 229008312?
True
Does 25 divide 312637033?
False
Is 145 a factor of 6493570090?
True
Is 427 a factor of 1268838244?
False
Does 1253 divide 113663389?
True
Is 641443320 a multiple of 1656?
True
Does 38 divide 354833925?
False
Does 881 divide 509624158?
False
Is 112 a factor of 1937811355?
False
Is 11178552 a multiple of 14?
True
Is 20397589 a multiple of 816?
False
Does 2147 divide 241384796?
False
Is 457052400 a multiple of 48?
True
Is 32613121 a multiple of 143?
False
Does 3 divide 3961698?
True
Does 1696 divide 22197730?
False
Does 176 divide 4391024?
True
Is 55007092 a multiple of 14?
True
Does 53 divide 5817704?
True
Is 32171634 a multiple of 463?
False
Is 2449939305 a multiple of 3959?
False
Is 29193255 a multiple of 525?
False
Is 379638202 a multiple of 567?
False
Does 363 divide 79546005?
True
Is 931175468 a multiple of 136?
False
Does 530 divide 9388950?
True
Is 3 a factor of 652433969?
False
Is 6707295 a multiple of 963?
True
Is 14542961 a multiple of 8?
False
Does 18 divide 1236984714?
True
Is 314541561 a multiple of 8?
False
Does 86 divide 51528155?
False
Is 1269 a factor of 98633473?
False
Does 2264 divide 558608040?
True
Is 308982428 a multiple of 751?
True
Is 765 a factor of 21649500?
True
Is 10198488 a multiple of 3?
True
Does 31 divide 11877154?
True
Is 54021057 a multiple of 883?
True
Is 33 a factor of 18488943?
True
Does 4514 divide 46629620?
True
Is 5523155 a multiple of 685?
True
Is 1390644464 a multiple of 8?
True
Is 13 a factor of 112074385?
False
Is 668736 a multiple of 108?
True
Is 33 a factor of 9970719?
True
Is 571525928 a multiple of 187?
False
Is 1007567560 a multiple of 340?
True
Is 47 a factor of 26784278?
False
Is 135263430 a multiple of 1145?
True
Does 46 divide 121523720?
True
Is 9 a factor of 916569?
True
Is 20 a factor of 418165?
False
Does 488 divide 214378136?
False
Is 2123 a factor of 462366047?
True
Does 13 divide 40077870?
False
Is 1271 a factor of 506208154?
False
Is 1226781599 a multiple of 6727?
False
Is 11125868 a multiple of 11?
False
Is 3728 a factor of 1943462320?
True
Is 11 a factor of 5033025811?
True
Is 56978644 a multiple of 79?
False
Is 4 a factor of 3439656?
True
Is 248770790 a multiple of 5929?
False
Is 147541153 a multiple of 41?
False
Is 18 a factor of 61783401?
False
Is 11591573 a multiple of 7?
True
Does 1179 divide 26153757?
True
Is 1578 a factor of 1874276579?
False
Is 3686764131 a multiple of 16?
False
Does 59 divide 46275588?
True
Is 87389295 a multiple of 49?
True
Is 1972100 a multiple of 299?
False
Does 84 divide 16191215?
False
Is 3093905708 a multiple of 1201?
True
Does 730 divide 3865502732?
False
Is 128 a factor of 154195608?
False
Is 28114897 a multiple of 447?
False
Is 15045166 a multiple of 24?
False
Is 266439744 a multiple of 59?
False
Does 3214 divide 284647910?
True
Is 323 a factor of 76817015?
False
Does 1297 divide 104272315?
True
Is 10 a factor of 4895545?
False
Is 88 a factor of 29172440?
True
Is 27 a factor of 114015222?
True
Does 236 divide 2246484?
True
Is 10076430 a multiple of 57?
False
Is 5151400 a multiple of 4300?
True
Is 268491461 a multiple of 7?
True
Is 2190633112 a multiple of 3344?
False
Does 4 divide 20767157?
False
Is 8 a factor of 73532576?
True
Is 31679899 a multiple of 112?
False
Is 796 a factor of 14186448?
False
Is 22668274 a multiple of 933?
False
Is 234486945 a multiple of 165?
True
Does 134 divide 10307682?
True
Is 31 a factor of 162965364?
False
Is 227752395 a multiple of 1568?
False
Does 29 divide 108293541?
False
Is 553114360 a multiple of 106?
True
Does 61 divide 24231396?
True
Is 54 a factor of 79633044?
True
Is 202162415 a multiple of 3483?
False
Is 120 a factor of 5367152?
False
Is 10981157 a multiple of 38?
False
Is 64 a factor of 1254186067?
False
Does 535 divide 610033215?
True
Is 23 a factor of 47143847?
False
Does 15 divide 50643359?
False
Is 521865 a multiple of 793?
False
Does 717 divide 53379933?
True
Is 519 a factor of 391212339?
True
Is 532463423 a multiple of 47?
True
Is 1725732732 a multiple of 569?
False
Is 65709176 a multiple of 104?
True
Is 224 a factor of 13668514?
False
Does 214 divide 1568729958?
False
Does 128 divide 348189036?
False
Does 81 divide 17381790?
True
Does 2852 divide 44506100?
False
Does 425 divide 18725500?
True
Is 70 a factor of 554624350?
True
Is 173101050 a multiple of 30?
True
Is 1349257882 a multiple of 3553?
False
Is 336776003 a multiple of 64?
False
Is 60 a factor of 12545220?
True
Does 159 divide 100618720?
False
Is 310452773 a multiple of 39?
False
Does 31 divide 213914818?
True
Is 313439747 a multiple of 7?
False
Is 45 a factor of 96568832?
False
Is 61 a factor of 540500443?
True
Is 712 a factor of 52769455?
False
Does 37 divide 140408969?
True
Is 425459084 a multiple of 569?
False
Is 633716976 a multiple of 11?
False
Does 2 divide 57876032?
True
Does 3008 divide 1100676647?
False
Does 4645 divide 1894941685?
True
Does 25 divide 62347575?
True
Does 529 divide 1368351623?
False
Does 1051 divide 151566812?
True
Is 879239970 a multiple of 3368?
False
Is 357 a factor of 202075566?
True
Is 3588 a factor of 736889550?
False
Does 6 divide 28252586?
False
Does 1800 divide 54968384?
False
Does 3682 divide 1255488360?
True
Is 184 a factor of 29694366?
False
Is 3152 a factor of 1155754943?
False
Is 14 a factor of 12386066?
True
Is 56 a factor of 8839710?
False
Is 25 a factor of 57241960?
False
Is 25432474 a multiple of 1722?
False
Is 8909445 a multiple of 51?
True
Is 167229281 a multiple of 716?
False
Does 31 divide 153562483?
False
Is 36 a factor of 99189525?
False
Is 4003371718 a multiple of 20?
False
Does 6 divide 388905642?
True
Does 22 divide 35894210?
True
Does 161 divide 79821898?
False
Is 1116 a factor of 27283968?
True
Is 31 a factor of 1124320214?
True
Is 85937456 a multiple of 589?
True
Is 41 a factor of 320208078?
False
Is 86 a factor of 4583449?
False
Is 1093 a factor of 167127351?
True
Is 54334972 a multiple of 82?
False
Is 681783073 a multiple of 16?
False
Is 6 a factor of 4486680?
True
Is 45 a factor of 745503525?
True
Is 333207312 a multiple of 14?
False
Is 4 a factor of 214234237?
False
Is 709 a factor of 821695550?
True
Is 14 a factor of 5636788?
False
Is 6 a factor of 111755251?
False
Does 26 divide 10012372?
False
Is 27 a factor of 16983448?
False
Does 71 divide 89064034?
False
Is 1566345986 a multiple of 493?
False
Is 85 a factor of 7266095542?
False
Is 1891615179 a multiple of 90?
False
Is 17801342 a multiple of 12118?
True
Is 490 a factor of 22545004?
False
Does 243 divide 2892102?
False
Is 938741760 a multiple of 15?
True
Is 13 a factor of 89294414?
False
Does 16 divide 426990033?
False
Is 30702070 a multiple of 36?
False
Is 1804952 a multiple of 8?
True
Is 378520005 a multiple of 2104?
False
Is 53 a factor of 73692311?
False
Is 108395672 a multiple of 1431?
False
Is 9 a factor of 7429509?
True
Is 1572194338 a multiple of 4642?
True
Is 2278 a factor of 108285092?
False
Is 72 a factor of 1816264557?
False
Is 673 a facto